{"id":15056,"date":"2023-08-02T13:06:03","date_gmt":"2023-08-02T11:06:03","guid":{"rendered":"http:\/\/protosnext.vc\/?page_id=15056"},"modified":"2025-01-03T15:53:14","modified_gmt":"2025-01-03T14:53:14","slug":"protosnext-esg-policy","status":"publish","type":"page","link":"http:\/\/protosnext.vc\/?page_id=15056","title":{"rendered":"ESG matters"},"content":{"rendered":"\t\t<div data-elementor-type=\"wp-page\" data-elementor-id=\"15056\" class=\"elementor elementor-15056\">\n\t\t\t\t\t\t<section class=\"elementor-section elementor-top-section elementor-element elementor-element-127b7550 elementor-section-boxed elementor-section-height-default elementor-section-height-default qodef-elementor-content-no\" data-id=\"127b7550\" data-element_type=\"section\">\n\t\t\t\t\t\t<div class=\"elementor-container elementor-column-gap-default\">\n\t\t\t\t\t<div class=\"elementor-column elementor-col-100 elementor-top-column elementor-element elementor-element-71663872\" data-id=\"71663872\" data-element_type=\"column\">\n\t\t\t<div class=\"elementor-widget-wrap elementor-element-populated\">\n\t\t\t\t\t\t<div class=\"elementor-element elementor-element-330e85eb elementor-widget elementor-widget-text-editor\" data-id=\"330e85eb\" data-element_type=\"widget\" data-widget_type=\"text-editor.default\">\n\t\t\t\t<div class=\"elementor-widget-container\">\n\t\t\t\t\t\t\t\t\t<figure class=\"wp-block-gallery has-nested-images columns-default is-cropped\"><p><\/p>\n<figure class=\"wp-block-image size-large\"><img fetchpriority=\"high\" decoding=\"async\" width=\"1024\" height=\"550\" class=\"wp-image-14937\" src=\"http:\/\/protosnext.vc\/wp-content\/uploads\/2022\/12\/protos_www-01-min_-min-1-1024x550.jpg\" alt=\"\" srcset=\"http:\/\/protosnext.vc\/wp-content\/uploads\/2022\/12\/protos_www-01-min_-min-1-1024x550.jpg 1024w, http:\/\/protosnext.vc\/wp-content\/uploads\/2022\/12\/protos_www-01-min_-min-1-300x161.jpg 300w\" sizes=\"(max-width: 1024px) 100vw, 1024px\" \/><\/figure>\n<p><\/p>\n<\/figure>\n<p><!-- \/wp:gallery --><!-- wp:paragraph --><\/p>\n<p><em>After having made a sustainability risk assessment, the Fund Manager has concluded that sustainability risks are not relevant for this financial product and will therefore not be integrated as part of its decision-making processes with respect to the portfolio investments to be made by the Fund, notably in view of the investment strategy and restrictions applicable to the Fund as further detailed in the Membership Agreement.<\/em><\/p>\n<p><!-- \/wp:paragraph --><!-- wp:paragraph --><\/p>\n<p><em>Furthermore, sustainability risks will not likely materially adversely affect the Fund\u2019s returns. Investors should however note that it may be difficult to assess with any reasonable certainty whether sustainability risk exists or the likely outcome of any sustainability risk on the Fund\u2019s returns.<\/em><\/p>\n<p><!-- \/wp:paragraph --><!-- wp:paragraph {\"align\":\"center\"} --><\/p>\n<p class=\"has-text-align-center\">We take ESG seriously and are committed to sharing our internal information.<\/p>\n<p class=\"has-text-align-center\">\n<\/p><p><!-- \/wp:paragraph --><!-- wp:paragraph --><\/p>\n<p><br><\/p>\n<p><!-- \/wp:paragraph --><\/p>\t\t\t\t\t\t\t\t<\/div>\n\t\t\t\t<\/div>\n\t\t\t\t\t<\/div>\n\t\t<\/div>\n\t\t\t\t\t<\/div>\n\t\t<\/section>\n\t\t\t\t<section class=\"elementor-section elementor-top-section elementor-element elementor-element-5764997 elementor-section-boxed elementor-section-height-default elementor-section-height-default qodef-elementor-content-no\" data-id=\"5764997\" data-element_type=\"section\">\n\t\t\t\t\t\t<div class=\"elementor-container elementor-column-gap-default\">\n\t\t\t\t\t<div class=\"elementor-column elementor-col-100 elementor-top-column elementor-element elementor-element-378884c\" data-id=\"378884c\" data-element_type=\"column\">\n\t\t\t<div class=\"elementor-widget-wrap elementor-element-populated\">\n\t\t\t\t\t\t<div class=\"elementor-element elementor-element-963a2f8 elementor-widget elementor-widget-ld_accordion\" data-id=\"963a2f8\" data-element_type=\"widget\" data-widget_type=\"ld_accordion.default\">\n\t\t\t\t<div class=\"elementor-widget-container\">\n\t\t\t\t\t\n\t\t<div class=\"accordion accordion-sm\" id=\"accordion-69fddce68054f\" role=\"tablist\" aria-multiselectable=\"true\">\n\t\t\t\t\t\t\t\t\t\t\t\t<div class=\"accordion-item panel  active\">\n\t\t\t\t\n\t\t\t\t<div class=\"accordion-heading\" role=\"tab\" id=\"heading-1571\">\n\t\t\t\t<h4 class=\"accordion-title\">\n\t\t\t\t\t<a class=\"\" role=\"button\" data-toggle=\"collapse\" \n\t\t\t\t\tdata-parent=\"#accordion-69fddce68054f\" href=\"#collapse-1571\" \n\t\t\t\t\taria-expanded=\"true\" aria-controls=\"collapse-1571\">\n\t\t\t\t\t\t\t\t\t\t\t\t<span class=\"accordion-title-txt\">Ujawnienie z art. 3 Rozporz\u0105dzenia SFDR<\/span>\n\t\t\t\t\t\t\t\t\t\t\t\t\t<span class=\"accordion-expander\"><i class=\"fa fa-chevron-down\"><\/i><i class=\"fa fa-chevron-up\"><\/i><\/span>\t\t\t\t\t\t\t\t\t\t\t<\/a>\n\t\t\t\t<\/h4>\n\t\t\t\t<\/div>\n\t\t\t\t\n\t\t\t\t<div id=\"collapse-1571\" class=\"accordion-collapse collapse  in\" role=\"tabpanel\" aria-labelledby=\"heading-1571\">\n\n\t\t\t\t<div class=\"accordion-content\">\n\t\t\t\t\t<p>Ujawnienia dokonywane na poziomie zarz\u0105dzaj\u0105cego ASI dotycz\u0105ce zr\u00f3wnowa\u017conego rozwoju Niniejsze o\u015bwiadczenie stanowi realizacj\u0119 wymog\u00f3w przewidzianych Rozporz\u0105dzeniem Parlamentu Europejskiego i Rady (UE) 2019\/2088 z dnia 27 listopada 2019 r. w sprawie ujawniania informacji zwi\u0105zanych ze zr\u00f3wnowa\u017conym rozwojem w sektorze us\u0142ug finansowych (Dz. U.UE. L. z 2019 r. Nr 317, str. 1 z p\u00f3\u017an. zm.; dalej r\u00f3wnie\u017c jako: \u201eSFDR\u201d, \u201eRozporz\u0105dzenie SFDR\u201d, \u201eRozporz\u0105dzenie\u201d).<br \/>Na gruncie Rozporz\u0105dzenia SFDR zarz\u0105dzaj\u0105cy ASI (dalej r\u00f3wnie\u017c jako: \u201eZASI\u201d) kwalifikowany jest jako uczestnik rynku finansowego, a alternatywna sp\u00f3\u0142ki inwestycyjna, kt\u00f3r\u0105 on zarz\u0105dza (dalej r\u00f3wnie\u017c jako: \u201eASI\u201d) stanowi produkt finansowy.<br \/>W przypadku, gdy w niniejszym o\u015bwiadczeniu mowa o ASI lub Alternatywnej Sp\u00f3\u0142ce Inwestycyjnej, nale\u017cy przez to rozumie\u0107 Protos Next sp\u00f3\u0142ka z ograniczon\u0105 odpowiedzialno\u015bci\u0105 Alternatywn\u0105 Sp\u00f3\u0142k\u0119 Inwestycyjn\u0105 Sp\u00f3\u0142k\u0119 Komandytow\u0105.<br \/>Informacja o strategiach dotycz\u0105cych wprowadzania do dzia\u0142alno\u015bci ryzyk dla zr\u00f3wnowa\u017conego rozwoju w procesie podejmowania decyzji inwestycyjnych Rozporz\u0105dzenie SFDR w art. 3 ust. 1 wymaga od uczestnik\u00f3w rynku finansowego opublikowania na stronie internetowej strategii wprowadzania do dzia\u0142alno\u015bci ryzyk dla zr\u00f3wnowa\u017conego rozwoju w procesie podejmowania decyzji inwestycyjnych. Zgodnie z postanowieniami art. 2 pkt 22 SFDR ryzyko dla zr\u00f3wnowa\u017conego rozwoju oznacza sytuacj\u0119 lub warunki \u015brodowiskowe, spo\u0142eczne lub zwi\u0105zane z zarz\u0105dzaniem, kt\u00f3re \u2013 je\u017celi wyst\u0105pi\u0105 \u2013 mog\u0142yby mie\u0107, rzeczywisty lub potencjalny, istotny negatywny wp\u0142yw na warto\u015b\u0107 inwestycji.<br \/>Z zastrze\u017ceniem wdro\u017cenia wytycznych dotycz\u0105cych zasad kszta\u0142towania wynagrodze\u0144, kt\u00f3rych celem jest okre\u015blenie zasad kszta\u0142towania wynagrodze\u0144 maj\u0105cych na celu zapewnienie by ich wysoko\u015b\u0107 by\u0142a zgodna z rozs\u0105dnym i skutecznym zarz\u0105dzaniem ryzykiem w tym ryzykiem dla zr\u00f3wnowa\u017conego rozwoju w rozumieniu art. 2 pkt 22 rozporz\u0105dzenia Parlamentu Europejskiego i Rady (UE) 2019\/2088 z dnia 27 listopada 2019 r. w sprawie ujawniania informacji zwi\u0105zanych ze zr\u00f3wnowa\u017conym rozwojem w sektorze us\u0142ug finansowych (Dz. Urz. UE L 317 z 9.12.2019 , str. 1) oraz promowa\u0142a je, a tak\u017ce nie zach\u0119ca\u0142a do podejmowania ryzyka, kt\u00f3re nie jest zgodne z profilem ryzyka ASI oraz obowi\u0105zuj\u0105cymi regulacjami wewn\u0119trznymi ASI, ZASI nie posiada strategii dotycz\u0105cej wprowadzania do dzia\u0142alno\u015bci ryzyk dla zr\u00f3wnowa\u017conego rozwoju w procesie podejmowania decyzji inwestycyjnych dotycz\u0105cych ASI. Ryzyka dla zr\u00f3wnowa\u017conego rozwoju rozumiane jako ryzyka zdarze\u0144 lub stan\u00f3w zwi\u0105zanych ze \u015brodowiskiem, spo\u0142eczn\u0105 odpowiedzialno\u015bci\u0105 lub \u0142adem korporacyjnym, kt\u00f3re \u2013 je\u017celi wyst\u0105pi\u0142yby mog\u0142yby mie\u0107 rzeczywisty lub potencjalny, istotny negatywny wp\u0142yw na warto\u015b\u0107 inwestycji poprzez oddzia\u0142ywanie na inne czynniki ryzyka mog\u0105 by\u0107 brane po\u015brednio pod uwag\u0119 przy podejmowaniu poszczeg\u00f3lnych decyzji inwestycyjnych.<br \/>ZASI nie wy\u0142\u0105cza mo\u017cliwo\u015bci opracowania strategii dotycz\u0105cej wprowadzania do dzia\u0142alno\u015bci ryzyk dla zr\u00f3wnowa\u017conego rozwoju w procesie podejmowania decyzji inwestycyjnych w przysz\u0142o\u015bci, co wi\u0105za\u0107 si\u0119 b\u0119dzie z aktualizacj\u0105 niniejszego o\u015bwiadczenia.<\/p>\n<p><span style=\"letter-spacing: 0.16px;\">Informacja o sposobie zapewniania sp\u00f3jno\u015bci polityki wynagrodze\u0144 z wprowadzaniem do dzia\u0142alno\u015bci ryzyk dla zr\u00f3wnowa\u017conego rozwoju ZASI, jako podmiot, o kt\u00f3rym mowa w art. 3 ust. 2 Dyrektywy Parlamentu Europejskiego i Rady 2011\/61\/UE z dnia 8 czerwca 2011 r. w sprawie zarz\u0105dzaj\u0105cych alternatywnymi funduszami inwestycyjnymi i zmiany dyrektyw 2003\/41\/WE i 2009\/65\/WE oraz rozporz\u0105dze\u0144 (WE) nr 1060\/2009 i (UE) nr 1095\/2010, nie jest zobowi\u0105zany do przyj\u0119cia polityki wynagrodze\u0144, o kt\u00f3rej mowa w art. 13 tej dyrektywy. Niezale\u017cnie od powy\u017cszego, maj\u0105c na wzgl\u0119dzie stanowisko przedstawione przez Komisj\u0119 Europejsk\u0105 w odpowiedzi na zapytanie Joint Committee of the European Supervisory Authorities - EBA, ESMA i EIOPA, a tak\u017ce stanowisko Urz\u0119du Komisji Nadzoru Finansowego, w ZASI przyj\u0119te zosta\u0142y wytyczne dotycz\u0105ce zasad kszta\u0142towania wynagrodze\u0144, kt\u00f3re znajduj\u0105 zastosowanie do:<\/span><br style=\"letter-spacing: 0.16px;\" \/><span style=\"letter-spacing: 0.16px;\">1) Cz\u0142onk\u00f3w zarz\u0105du;<\/span><br style=\"letter-spacing: 0.16px;\" \/><span style=\"letter-spacing: 0.16px;\">a tak\u017ce w przypadku ich powo\u0142ania lub zatrudnienia:<\/span><br style=\"letter-spacing: 0.16px;\" \/><span style=\"letter-spacing: 0.16px;\">2) Cz\u0142onk\u00f3w Rady Nadzorczej lub Komisji Rewizyjnej ZASI;<\/span><br style=\"letter-spacing: 0.16px;\" \/><span style=\"letter-spacing: 0.16px;\">3) Innych os\u00f3b pozostaj\u0105cych w stosunku pracy lub niepracowniczym stosunku zatrudnienia o<\/span><br style=\"letter-spacing: 0.16px;\" \/><span style=\"letter-spacing: 0.16px;\">podobnym charakterze z ZASI, realizuj\u0105cych zadania maj\u0105ce istotny wp\u0142yw na profil ryzyka ZASI<\/span><br style=\"letter-spacing: 0.16px;\" \/><span style=\"letter-spacing: 0.16px;\">lub ASI, w tym os\u00f3b odpowiedzialnych za:<\/span><br style=\"letter-spacing: 0.16px;\" \/><span style=\"letter-spacing: 0.16px;\">a) podejmowanie decyzji inwestycyjnych;<\/span><br style=\"letter-spacing: 0.16px;\" \/><span style=\"letter-spacing: 0.16px;\">b) realizacj\u0119 zada\u0144 z zakresu systemu dzia\u0142alno\u015bci z prawem;<\/span><br style=\"letter-spacing: 0.16px;\" \/><span style=\"letter-spacing: 0.16px;\">c) realizacj\u0119 zada\u0144 z zakresu systemu audytu wewn\u0119trznego;<\/span><br style=\"letter-spacing: 0.16px;\" \/><span style=\"letter-spacing: 0.16px;\">d) realizacj\u0119 zada\u0144 z zakresu systemu zarz\u0105dzania ryzykiem.<\/span><br style=\"letter-spacing: 0.16px;\" \/><span style=\"letter-spacing: 0.16px;\">4) Os\u00f3b wchodz\u0105cych w sk\u0142ad kadry kierowniczej wy\u017cszego szczebla ZASI;<\/span><br style=\"letter-spacing: 0.16px;\" \/><span style=\"letter-spacing: 0.16px;\">5) Innych pracownik\u00f3w ZASI otrzymuj\u0105cych ca\u0142kowite wynagrodzenie plasuj\u0105ce ich na tym samym szczeblu siatki p\u0142ac, co kadra kierownicza wy\u017cszego szczebla i wymienione wy\u017cej osoby podejmuj\u0105ce ryzyko dzia\u0142alno\u015bci, kt\u00f3rych dzia\u0142alno\u015b\u0107 zawodowa ma istotny wp\u0142yw na ich profil ryzyka ZASI lub ASI. Z zakresu stosowania Wytycznych wy\u0142\u0105czone s\u0105 osoby, do kt\u00f3rych zada\u0144 nale\u017cy realizacja czynno\u015bci pomocniczych, z uwagi na istotne ograniczenie wp\u0142ywu realizowanych przez nie czynno\u015bci na ryzyko.<\/span><br style=\"letter-spacing: 0.16px;\" \/><span style=\"letter-spacing: 0.16px;\">Wytyczne okre\u015blaj\u0105 zasady kszta\u0142towania wynagrodzenia przy nawi\u0105zaniu stosunku prawnego, wymagaj\u0105c by organ decyduj\u0105cy o ustaleniu wysoko\u015bci wynagrodzenia danej osoby zapewni\u0142 by jego wysoko\u015b\u0107 by\u0142a zgodna z rozs\u0105dnym i skutecznym zarz\u0105dzaniem ryzykiem w tym ryzykiem dla zr\u00f3wnowa\u017conego rozwoju w rozumieniu art. 2 pkt 22 rozporz\u0105dzenia Parlamentu Europejskiego i Rady (UE) 2019\/2088 z dnia 27 listopada 2019 r. w sprawie ujawniania informacji zwi\u0105zanych ze zr\u00f3wnowa\u017conym rozwojem w sektorze us\u0142ug finansowych (Dz. Urz. UE L 317 z 9.12.2019 , str. 1) oraz promowa\u0142a je, a tak\u017ce nie zach\u0119ca\u0142a do podejmowania ryzyka, kt\u00f3re nie jest zgodne z profilem ryzyka ASI oraz obowi\u0105zuj\u0105cymi regulacjami wewn\u0119trznymi ASI.<\/span><br style=\"letter-spacing: 0.16px;\" \/><span style=\"letter-spacing: 0.16px;\">W odniesieniu do zasad kszta\u0142towania wysoko\u015bci sk\u0142adnik\u00f3w wynagrodze\u0144 przyznawanych w zwi\u0105zku z ocen\u0105 osi\u0105gni\u0119\u0107 danej osoby, wytyczne wymagaj\u0105, by poza indywidualnymi wynikami danej osoby, przy jej ocenie ustalano czy w okresie poddanym analizie mia\u0142y miejsce incydenty dotycz\u0105ce zarz\u0105dzania ryzykiem w tym ryzykiem dla zr\u00f3wnowa\u017conego rozwoju oraz naruszenia zgodno\u015bci z przepisami prawa, w tym z zakresu zr\u00f3wnowa\u017conego rozwoju w sektorze us\u0142ug finansowych z jej udzia\u0142em. W przypadku zidentyfikowania zdarze\u0144, o kt\u00f3rych mowa powy\u017cej organ decyduj\u0105cy o przyznaniu oraz wysoko\u015bci \u015bwiadczenia zobowi\u0105zany jest do oceny roli danej osoby w zidentyfikowanym zdarzeniu.<\/span><br style=\"letter-spacing: 0.16px;\" \/><span style=\"letter-spacing: 0.16px;\">Wytyczne znajduj\u0105 zastosowanie do program\u00f3w motywacyjnych w przypadku ich przyj\u0119cia. Przy wykonywaniu Wytycznych zakazane jest stosowanie jakichkolwiek kryteri\u00f3w o charakterze dyskryminuj\u0105cym.<\/span><\/p>\t\t\t\t<\/div>\n\t\t\t\t\t\t\n\t\t\t\t<\/div>\n\t\t\t\t\n\t\t\t<\/div>\n\t\t\t\t\t\t\t\t\t<div class=\"accordion-item panel \">\n\t\t\t\t\n\t\t\t\t<div class=\"accordion-heading\" role=\"tab\" id=\"heading-1572\">\n\t\t\t\t<h4 class=\"accordion-title\">\n\t\t\t\t\t<a class=\"collapsed\" role=\"button\" data-toggle=\"collapse\" \n\t\t\t\t\tdata-parent=\"#accordion-69fddce68054f\" href=\"#collapse-1572\" \n\t\t\t\t\taria-expanded=\"false\" aria-controls=\"collapse-1572\">\n\t\t\t\t\t\t\t\t\t\t\t\t<span class=\"accordion-title-txt\">Ujawnienia z art. 4 Rozporz\u0105dzenia SFDR<\/span>\n\t\t\t\t\t\t\t\t\t\t\t\t\t<span class=\"accordion-expander\"><i class=\"fa fa-chevron-down\"><\/i><i class=\"fa fa-chevron-up\"><\/i><\/span>\t\t\t\t\t\t\t\t\t\t\t<\/a>\n\t\t\t\t<\/h4>\n\t\t\t\t<\/div>\n\t\t\t\t\n\t\t\t\t<div id=\"collapse-1572\" class=\"accordion-collapse collapse \" role=\"tabpanel\" aria-labelledby=\"heading-1572\">\n\n\t\t\t\t<div class=\"accordion-content\">\n\t\t\t\t\t<p>Przy podejmowaniu decyzji inwestycyjnych nie bierze si\u0119 pod uwag\u0119 ich niekorzystnych skutk\u00f3w dla czynnik\u00f3w zr\u00f3wnowa\u017conego rozwoju. Z uwagi na skal\u0119 prowadzonej dzia\u0142alno\u015bci, a tak\u017ce jej charakter, kt\u00f3ry wi\u0105\u017ce si\u0119 w g\u0142\u00f3wnej mierze z inwestowaniem na rynku niepublicznym, ZASI nie bierze obecnie pod uwag\u0119 g\u0142\u00f3wnych niekorzystnych skutk\u00f3w decyzji inwestycyjnych dla czynnik\u00f3w zr\u00f3wnowa\u017conego rozwoju. Powodem maj\u0105cym wp\u0142yw na decyzj\u0119 ZASI w zakresie nieuwzgl\u0119dniania g\u0142\u00f3wnych niekorzystnych skutk\u00f3w decyzji inwestycyjnych dla czynnik\u00f3w zr\u00f3wnowa\u017conego rozwoju w ramach wykonywanej dzia\u0142alno\u015bci jest identyfikowany przez ZASI brak danych lub w niekt\u00f3rych przypadkach istotnie ograniczony ich zakres wymagany do analizy w przypadku deklarowania uwzgl\u0119dnienia g\u0142\u00f3wnych niekorzystnych skutk\u00f3w decyzji inwestycyjnych dla czynnik\u00f3w zr\u00f3wnowa\u017conego rozwoju, a tak\u017ce wysoki poziom koszt\u00f3w wymagany do poniesienia zwi\u0105zany w szczeg\u00f3lno\u015bci z konieczno\u015bci\u0105 zaanga\u017cowania zewn\u0119trznych doradc\u00f3w, w przypadku zmiany prezentowanego przez ZASI podej\u015bcia do nieuwzgl\u0119dniania uwag\u0119 g\u0142\u00f3wnych niekorzystnych skutk\u00f3w decyzji inwestycyjnych dla czynnik\u00f3w zr\u00f3wnowa\u017conego rozwoju.<\/p>\t\t\t\t<\/div>\n\t\t\t\t\t\t\n\t\t\t\t<\/div>\n\t\t\t\t\n\t\t\t<\/div>\n\t\t\t\t\t\t\n\t\t<\/div>\n\n\t\t\t\t\t\t<\/div>\n\t\t\t\t<\/div>\n\t\t\t\t\t<\/div>\n\t\t<\/div>\n\t\t\t\t\t<\/div>\n\t\t<\/section>\n\t\t\t\t<\/div>\n\t\t","protected":false},"excerpt":{"rendered":"<p>After having made a sustainability risk assessment, the Fund Manager has concluded that sustainability risks are not relevant for this financial product and will therefore not be integrated as part of its decision-making processes with respect to the portfolio investments to be made by the Fund, notably in view of the investment strategy and restrictions [&hellip;]<\/p>\n","protected":false},"author":1,"featured_media":0,"parent":0,"menu_order":0,"comment_status":"closed","ping_status":"closed","template":"","meta":{"footnotes":""},"class_list":["post-15056","page","type-page","status-publish","hentry"],"yoast_head":"<!-- This site is optimized with the Yoast SEO plugin v24.1 - https:\/\/yoast.com\/wordpress\/plugins\/seo\/ -->\n<title>ESG matters - PROTOS NEXT<\/title>\n<meta name=\"description\" content=\"W ProtosNext dbamy te\u017c o ESG i zr\u00f3wnowa\u017cony rozw\u00f3j. Oceniamy swoje inwestycje pod tym k\u0105tem, bo nie ma planu B je\u017celi chodzi o nasz\u0105 planet\u0119.\" \/>\n<meta name=\"robots\" content=\"index, follow, max-snippet:-1, max-image-preview:large, max-video-preview:-1\" \/>\n<link rel=\"canonical\" href=\"http:\/\/protosnext.vc\/?page_id=15056\" \/>\n<meta property=\"og:locale\" content=\"en_US\" \/>\n<meta property=\"og:type\" content=\"article\" \/>\n<meta property=\"og:title\" content=\"ESG matters - PROTOS NEXT\" \/>\n<meta property=\"og:description\" content=\"W ProtosNext dbamy te\u017c o ESG i zr\u00f3wnowa\u017cony rozw\u00f3j. Oceniamy swoje inwestycje pod tym k\u0105tem, bo nie ma planu B je\u017celi chodzi o nasz\u0105 planet\u0119.\" \/>\n<meta property=\"og:url\" content=\"http:\/\/protosnext.vc\/?page_id=15056\" \/>\n<meta property=\"og:site_name\" content=\"PROTOS NEXT\" \/>\n<meta property=\"article:modified_time\" content=\"2025-01-03T14:53:14+00:00\" \/>\n<meta property=\"og:image\" content=\"http:\/\/protosnext.vc\/wp-content\/uploads\/2022\/12\/protos_www-01-min_-min-1-1024x550.jpg\" \/>\n<meta name=\"twitter:card\" content=\"summary_large_image\" \/>\n<meta name=\"twitter:label1\" content=\"Est. reading time\" \/>\n\t<meta name=\"twitter:data1\" content=\"6 minutes\" \/>\n<script type=\"application\/ld+json\" class=\"yoast-schema-graph\">{\"@context\":\"https:\/\/schema.org\",\"@graph\":[{\"@type\":\"WebPage\",\"@id\":\"http:\/\/protosnext.vc\/?page_id=15056\",\"url\":\"http:\/\/protosnext.vc\/?page_id=15056\",\"name\":\"ESG matters - PROTOS NEXT\",\"isPartOf\":{\"@id\":\"https:\/\/protosnext.vc\/#website\"},\"primaryImageOfPage\":{\"@id\":\"http:\/\/protosnext.vc\/?page_id=15056#primaryimage\"},\"image\":{\"@id\":\"http:\/\/protosnext.vc\/?page_id=15056#primaryimage\"},\"thumbnailUrl\":\"http:\/\/protosnext.vc\/wp-content\/uploads\/2022\/12\/protos_www-01-min_-min-1-1024x550.jpg\",\"datePublished\":\"2023-08-02T11:06:03+00:00\",\"dateModified\":\"2025-01-03T14:53:14+00:00\",\"description\":\"W ProtosNext dbamy te\u017c o ESG i zr\u00f3wnowa\u017cony rozw\u00f3j. Oceniamy swoje inwestycje pod tym k\u0105tem, bo nie ma planu B je\u017celi chodzi o nasz\u0105 planet\u0119.\",\"breadcrumb\":{\"@id\":\"http:\/\/protosnext.vc\/?page_id=15056#breadcrumb\"},\"inLanguage\":\"en-US\",\"potentialAction\":[{\"@type\":\"ReadAction\",\"target\":[\"http:\/\/protosnext.vc\/?page_id=15056\"]}]},{\"@type\":\"ImageObject\",\"inLanguage\":\"en-US\",\"@id\":\"http:\/\/protosnext.vc\/?page_id=15056#primaryimage\",\"url\":\"http:\/\/protosnext.vc\/wp-content\/uploads\/2022\/12\/protos_www-01-min_-min-1.jpg\",\"contentUrl\":\"http:\/\/protosnext.vc\/wp-content\/uploads\/2022\/12\/protos_www-01-min_-min-1.jpg\",\"width\":8396,\"height\":4508},{\"@type\":\"BreadcrumbList\",\"@id\":\"http:\/\/protosnext.vc\/?page_id=15056#breadcrumb\",\"itemListElement\":[{\"@type\":\"ListItem\",\"position\":1,\"name\":\"Strona g\u0142\u00f3wna\",\"item\":\"https:\/\/protosnext.vc\/\"},{\"@type\":\"ListItem\",\"position\":2,\"name\":\"ESG matters\"}]},{\"@type\":\"WebSite\",\"@id\":\"https:\/\/protosnext.vc\/#website\",\"url\":\"https:\/\/protosnext.vc\/\",\"name\":\"PROTOS NEXT\",\"description\":\"Jete\u015bmy funduszem Venture Capital inwestuj\u0105cym, w projekty technologiczne na wczesnym etapie rozwoju (early stage) dzia\u0142aj\u0105cych, w modelach Marketplace\/LeadGenerator, SaaS.\",\"potentialAction\":[{\"@type\":\"SearchAction\",\"target\":{\"@type\":\"EntryPoint\",\"urlTemplate\":\"https:\/\/protosnext.vc\/?s={search_term_string}\"},\"query-input\":{\"@type\":\"PropertyValueSpecification\",\"valueRequired\":true,\"valueName\":\"search_term_string\"}}],\"inLanguage\":\"en-US\"}]}<\/script>\n<!-- \/ Yoast SEO plugin. -->","yoast_head_json":{"title":"ESG matters - PROTOS NEXT","description":"W ProtosNext dbamy te\u017c o ESG i zr\u00f3wnowa\u017cony rozw\u00f3j. Oceniamy swoje inwestycje pod tym k\u0105tem, bo nie ma planu B je\u017celi chodzi o nasz\u0105 planet\u0119.","robots":{"index":"index","follow":"follow","max-snippet":"max-snippet:-1","max-image-preview":"max-image-preview:large","max-video-preview":"max-video-preview:-1"},"canonical":"http:\/\/protosnext.vc\/?page_id=15056","og_locale":"en_US","og_type":"article","og_title":"ESG matters - PROTOS NEXT","og_description":"W ProtosNext dbamy te\u017c o ESG i zr\u00f3wnowa\u017cony rozw\u00f3j. Oceniamy swoje inwestycje pod tym k\u0105tem, bo nie ma planu B je\u017celi chodzi o nasz\u0105 planet\u0119.","og_url":"http:\/\/protosnext.vc\/?page_id=15056","og_site_name":"PROTOS NEXT","article_modified_time":"2025-01-03T14:53:14+00:00","og_image":[{"url":"http:\/\/protosnext.vc\/wp-content\/uploads\/2022\/12\/protos_www-01-min_-min-1-1024x550.jpg","type":"","width":"","height":""}],"twitter_card":"summary_large_image","twitter_misc":{"Est. reading time":"6 minutes"},"schema":{"@context":"https:\/\/schema.org","@graph":[{"@type":"WebPage","@id":"http:\/\/protosnext.vc\/?page_id=15056","url":"http:\/\/protosnext.vc\/?page_id=15056","name":"ESG matters - PROTOS NEXT","isPartOf":{"@id":"https:\/\/protosnext.vc\/#website"},"primaryImageOfPage":{"@id":"http:\/\/protosnext.vc\/?page_id=15056#primaryimage"},"image":{"@id":"http:\/\/protosnext.vc\/?page_id=15056#primaryimage"},"thumbnailUrl":"http:\/\/protosnext.vc\/wp-content\/uploads\/2022\/12\/protos_www-01-min_-min-1-1024x550.jpg","datePublished":"2023-08-02T11:06:03+00:00","dateModified":"2025-01-03T14:53:14+00:00","description":"W ProtosNext dbamy te\u017c o ESG i zr\u00f3wnowa\u017cony rozw\u00f3j. Oceniamy swoje inwestycje pod tym k\u0105tem, bo nie ma planu B je\u017celi chodzi o nasz\u0105 planet\u0119.","breadcrumb":{"@id":"http:\/\/protosnext.vc\/?page_id=15056#breadcrumb"},"inLanguage":"en-US","potentialAction":[{"@type":"ReadAction","target":["http:\/\/protosnext.vc\/?page_id=15056"]}]},{"@type":"ImageObject","inLanguage":"en-US","@id":"http:\/\/protosnext.vc\/?page_id=15056#primaryimage","url":"http:\/\/protosnext.vc\/wp-content\/uploads\/2022\/12\/protos_www-01-min_-min-1.jpg","contentUrl":"http:\/\/protosnext.vc\/wp-content\/uploads\/2022\/12\/protos_www-01-min_-min-1.jpg","width":8396,"height":4508},{"@type":"BreadcrumbList","@id":"http:\/\/protosnext.vc\/?page_id=15056#breadcrumb","itemListElement":[{"@type":"ListItem","position":1,"name":"Strona g\u0142\u00f3wna","item":"https:\/\/protosnext.vc\/"},{"@type":"ListItem","position":2,"name":"ESG matters"}]},{"@type":"WebSite","@id":"https:\/\/protosnext.vc\/#website","url":"https:\/\/protosnext.vc\/","name":"PROTOS NEXT","description":"Jete\u015bmy funduszem Venture Capital inwestuj\u0105cym, w projekty technologiczne na wczesnym etapie rozwoju (early stage) dzia\u0142aj\u0105cych, w modelach Marketplace\/LeadGenerator, SaaS.","potentialAction":[{"@type":"SearchAction","target":{"@type":"EntryPoint","urlTemplate":"https:\/\/protosnext.vc\/?s={search_term_string}"},"query-input":{"@type":"PropertyValueSpecification","valueRequired":true,"valueName":"search_term_string"}}],"inLanguage":"en-US"}]}},"_links":{"self":[{"href":"http:\/\/protosnext.vc\/index.php?rest_route=\/wp\/v2\/pages\/15056","targetHints":{"allow":["GET"]}}],"collection":[{"href":"http:\/\/protosnext.vc\/index.php?rest_route=\/wp\/v2\/pages"}],"about":[{"href":"http:\/\/protosnext.vc\/index.php?rest_route=\/wp\/v2\/types\/page"}],"author":[{"embeddable":true,"href":"http:\/\/protosnext.vc\/index.php?rest_route=\/wp\/v2\/users\/1"}],"replies":[{"embeddable":true,"href":"http:\/\/protosnext.vc\/index.php?rest_route=%2Fwp%2Fv2%2Fcomments&post=15056"}],"version-history":[{"count":12,"href":"http:\/\/protosnext.vc\/index.php?rest_route=\/wp\/v2\/pages\/15056\/revisions"}],"predecessor-version":[{"id":15076,"href":"http:\/\/protosnext.vc\/index.php?rest_route=\/wp\/v2\/pages\/15056\/revisions\/15076"}],"wp:attachment":[{"href":"http:\/\/protosnext.vc\/index.php?rest_route=%2Fwp%2Fv2%2Fmedia&parent=15056"}],"curies":[{"name":"wp","href":"https:\/\/api.w.org\/{rel}","templated":true}]}}